0 + -3?
-414763
In base 13, what is -1b26aa + 7?
-1b26a3
In base 14, what is 1 + 23bdd?
23c00
In base 7, what is 16501 + -133?
16335
In base 14, what is 0 + 19c09?
19c09
In base 14, what is 4 + -3904?
-3900
In base 11, what is -4094 - 5?
-4099
In base 10, what is -2 - 38723?
-38725
In base 12, what is -64b54 + -14?
-64b68
In base 8, what is 542137 - 11?
542126
In base 13, what is 4 - 997b?
-9977
In base 7, what is -1163 - -16305?
15112
In base 15, what is -82a - 597?
-dc2
In base 12, what is -2125 + 13a?
-1ba7
In base 5, what is -4321143 + -13?
-4321211
In base 4, what is 22 - 132232?
-132210
In base 2, what is 11 + -1001100011011111?
-1001100011011100
In base 10, what is 0 + 58120?
58120
In base 4, what is -201033033 - -2?
-201033031
In base 10, what is 5765 - 145?
5620
In base 8, what is 3 + -114060?
-114055
In base 16, what is 17 + 301?
318
In base 14, what is -2464 + -6?
-246a
In base 11, what is 195 - -2526?
2710
In base 5, what is 3030 + 43204?
101234
In base 15, what is 705 - 16?
6de
In base 2, what is -100011100101 - 1000?
-100011101101
In base 13, what is -aa + 3511?
3434
In base 4, what is -1023 - 2001303?
-2002332
In base 4, what is 11 + 3212231320?
3212231331
In base 14, what is 3883a3 + 3?
3883a6
In base 4, what is 3202 - -223?
10031
In base 6, what is -133254 - 15?
-133313
In base 13, what is -1173 - 68?
-120b
In base 2, what is 1 + -1001000000011011101?
-1001000000011011100
In base 6, what is -105005 + -22?
-105031
In base 15, what is 1333b9 - -1?
1333ba
In base 12, what is 15289 - -17?
152a4
In base 12, what is 108a - 640?
64a
In base 2, what is -10111000001 + 10101101011?
-1010110
In base 5, what is 1 - -1402224?
1402230
In base 8, what is 3 - 4304?
-4301
In base 9, what is -75 - 410?
-485
In base 15, what is -1b5 - -1b?
-199
In base 5, what is 312 - 220032?
-214220
In base 12, what is -1 - 6618?
-6619
In base 4, what is -3 - -21112300?
21112231
In base 3, what is -20120 + 1022202?
1002012
In base 16, what is 28d22 - 5?
28d1d
In base 3, what is -1 + -1101111101?
-1101111102
In base 11, what is 23 - -24a58?
24a80
In base 3, what is -11 - 2010000011?
-2010000022
In base 11, what is -2 + 1a65a?
1a658
In base 2, what is -10111010100 - -11100?
-10110111000
In base 14, what is 4 - 690d?
-6909
In base 13, what is 10 - a0?
-90
In base 6, what is -2 + -10435301?
-10435303
In base 6, what is -24210 + 354?
-23412
In base 4, what is 3121022 - 1?
3121021
In base 13, what is -7 - 4533a?
-45344
In base 3, what is -120 + 212020221?
212020101
In base 16, what is -4 + -b056?
-b05a
In base 11, what is -90 + -52?
-132
In base 2, what is 1101101000 - 1100001?
1100000111
In base 5, what is -2403 + 20444?
13041
In base 16, what is fe - 28e?
-190
In base 11, what is -1287 - -4?
-1283
In base 12, what is 469b - -a?
46a9
In base 15, what is 2 + 16ad1d?
16ad20
In base 14, what is 658 - -6d6?
d50
In base 10, what is -1256 + 24?
-1232
In base 12, what is -26 + 220?
1b6
In base 11, what is -3 - -124293?
124290
In base 11, what is -2 - 88555?
-88557
In base 12, what is -2a25 - -30?
-29b5
In base 11, what is 4 - 129a9?
-129a5
In base 3, what is 1 - 1111220111200?
-1111220111122
In base 4, what is 1 - -311033320?
311033321
In base 6, what is 15202 + 35?
15241
In base 10, what is 1620 + -291?
1329
In base 12, what is a2b - 15?
a16
In base 14, what is 10335 - 2a?
10309
In base 14, what is -4 - -2b5?
2b1
In base 6, what is 4212302 - 21?
4212241
In base 4, what is -11 + 10100230?
10100213
In base 12, what is 87 - -314?
39b
In base 15, what is 292e0 + -3?
292dc
In base 3, what is -2 - 110211001020?
-110211001022
In base 2, what is -10100010100001 - -100000?
-10100010000001
In base 16, what is -1cb + -13d7?
-15a2
In base 7, what is 11542034 + -5?
11542026
In base 12, what is -5 + 20081?
20078
In base 7, what is 164151 - -55?
164236
In base 15, what is -75 - 25?
-9a
In base 8, what is -3 + -2001?
-2004
In base 8, what is 750 - 1274?
-324
In base 5, what is -13402030 - -44?
-13401431
In base 6, what is 22131032 - -2?
22131034
In base 2, what is 10000011000000 - 1000?
10000010111000
In base 12, what is -65 - -83?
1a
In base 5, what is -13100 - -31310?
13210
In base 7, what is -64 + 43610?
43513
In base 5, what is -114443 + -134?
-120132
In base 2, what is -11111000011101000100 + 1?
-11111000011101000011
In base 2, what is 111111011101 + -1011011?
111110000010
In base 5, what is 3 - 130332211?
-130332203
In base 9, what is 4 - -11617?
11622
In base 7, what is -2 + -4452?
-4454
In base 9, what is -7301 - -2?
-7288
In base 11, what is -78 + 374?
2a7
In base 2, what is 1100000000011110 - -10?
1100000000100000
In base 8, what is 11271 + -2?
11267
In base 15, what is -161a6 - -27?
-1617e
In base 9, what is 16574 + -12?
16562
In base 15, what is -650e80 + 2?
-650e7d
In base 5, what is 314241123 - -3?
314241131
In base 12, what is -4a + 5313?
5285
In base 7, what is -434 - -123?
-311
In base 16, what is 14a692 + 1?
14a693
In base 15, what is -4 + 39243?
3923e
In base 15, what is -187 - 205?
-38c
In base 11, what is 285706 - -3?
285709
In base 7, what is -11323 + 33?
-11260
In base 9, what is 2301263 + -3?
2301260
In base 9, what is -1 + -44802?
-44803
In base 14, what is 2 - 1c39?
-1c37
In base 7, what is -6564164 + 5?
-6564156
In base 7, what is -10302 + 153?
-10116
In base 10, what is 8192 + 31?
8223
In base 12, what is 570b - 3?
5708
In base 8, what is 2 - -37513?
37515
In base 8, what is 5 + -127257?
-127252
In base 11, what is 77a - 1290?
-611
In base 14, what is -1664 - -1b?
-1647
In base 16, what is -fda - bf?
-1099
In base 3, what is 12111 - -1?
12112
In base 8, what is 13 - -612377?
612412
In base 3, what is 1202 - 20201?
-11222
In base 14, what is -16 - -9a61?
9a49
In base 2, what is 100 - -1110101011010?
1110101011110
In base 15, what is -1b - -2bc?
2a1
In base 12, what is -3 - -b9b?
b98
In base 13, what is 6091 + -4?
608a
In base 11, what is 23 + -9449?
-9426
In base 3, what is -10212 + -10000002?
-10010221
In base 6, what is -310 - 40053?
-40403
In base 8, what is 56 + 3777?
4055
In base 14, what is 1 - 161736?
-161735
In base 4, what is -101112302 - -2?
-101112300
In base 6, what is -4 - 33054101?
-33054105
In base 6, what is -42502 - -44?
-42414
In base 10, what is 6931 + -86?
6845
In base 12, what is -14 + 2050b?
204b7
In base 4, what is 231 + -11202123?
-11201232
In base 4, what is -1330210 + -20?
-1330230
In base 5, what is -200131120 - 1?
-200131121
In base 5, what is -1034013 - 1?
-1034014
In base 12, what is -11 + -2633?
-2644
In base 13, what is 0 + 55a?
55a
In base 5, what is 1 + 142013042?
142013043
In base 15, what is 58888 - 3?
58885
In base 11, what is 2 + 4454?
4456
In base 2, what is 101 - 100100111001001?
-100100111000100
In base 5, what is 2 + 220121?
220123
In base 11, what is -39 - 13?
-51
In base 2, what is 111110 - 10011101000?
-10010101010
In base 8, what is -16635 - 55?
-16712
In base 4, what is -111 - -31013303?
31013132
In base 7, what is -55 - 2612?
-3000
In base 6, what is 0 + 522002?
522002
In base 6, what is -521101 - -5?
-521052
In base 12, what is -4942 - 61?
-49a3
In base 5, what is -2 - 3003443?
-3004000
In base 12, what is -27 + 1015?
baa
In base 7, what is -43 + -20303?
-20346
In base 3, what is 10 - 10010020200?
-10010020120
In base 8, what is 122 + -413?
-271
In base 4, what is 32010022 + -130?
32003232
In base 11, what is -1a + -814?
-833
In base 14, what is 7 + -367d5?
-367cc
In base 15, what is -836 - -2ac?
-579
In base 13, what is -22 + -34883?
-348a5
In base 8, what is 2400 + 13?
2413
In base 5, what is -20444 + -2?
-21001
In base 13, what is -a - -1848?
183b
In base 6, what is -144552 - -1?
-144551
In base 14, what is 821 + -37?
7c8
In base 16, what is -1fad5 - 4?
-1fad9
In base 6, what is 123 - 242443?
-242320
In base 2, what is 111001 - 1001101010001?
-1001100011000
In base 7, what is 52 + 22413?
22465
In base 3, what is 1101102 + -10201?
1020201
In base 2, what is -11 - 100101101000010?
-100101101000101
In base 13, what is 4bc9 - -4?
4c00
In base 4, what is 1001220212 + -12?
1001220200
In base 8, what is 32712 + 15?
32727
In base 15, what is 5b5c - 9?
5b53
In base 12, what is -5 - 29516?
-2951b
In base 12, what is -44 - -1398?
1354
In base 6, what is 12403 + 20?
12423
In base 11, what is 0 - -34052?
34052
In bas